{"id":1543,"date":"2018-11-01T13:14:39","date_gmt":"2018-11-01T19:14:39","guid":{"rendered":"http:\/\/utculiacan.edu.mx\/?page_id=1543"},"modified":"2024-07-15T13:58:38","modified_gmt":"2024-07-15T20:58:38","slug":"becas-y-financiamiento","status":"publish","type":"page","link":"https:\/\/utculiacan.edu.mx\/en\/becas-y-financiamiento\/","title":{"rendered":"Becas y Financiamiento"},"content":{"rendered":"[et_pb_section fb_built=&#8221;1&#8243; admin_label=&#8221;section&#8221; _builder_version=&#8221;4.16&#8243; global_colors_info=&#8221;{}&#8221; theme_builder_area=&#8221;post_content&#8221;][et_pb_row admin_label=&#8221;row&#8221; _builder_version=&#8221;4.16&#8243; background_size=&#8221;initial&#8221; background_position=&#8221;top_left&#8221; background_repeat=&#8221;repeat&#8221; global_colors_info=&#8221;{}&#8221; theme_builder_area=&#8221;post_content&#8221;][et_pb_column type=&#8221;4_4&#8243; _builder_version=&#8221;4.16&#8243; custom_padding=&#8221;|||&#8221; global_colors_info=&#8221;{}&#8221; custom_padding__hover=&#8221;|||&#8221; theme_builder_area=&#8221;post_content&#8221;][et_pb_text admin_label=&#8221;Text&#8221; _builder_version=&#8221;4.16&#8243; background_size=&#8221;initial&#8221; background_position=&#8221;top_left&#8221; background_repeat=&#8221;repeat&#8221; global_colors_info=&#8221;{}&#8221; theme_builder_area=&#8221;post_content&#8221;]\n<h2><strong>&#8211;<\/strong><span style=\"font-size: x-large;\">Internas<\/span>:<\/h2>\n<p>&#8211; Rendimiento acad\u00e9mico.<\/p>\n<p>&#8211; Programa de equidad.<\/p>\n<p>&#8211; Situaci\u00f3n socioecon\u00f3mica.<\/p>\n<p>&#8211; Capacidades cognitivas diversas.<\/p>\n<p>&nbsp;<\/p>\n<h2><span style=\"font-size: x-large;\"><strong>-Externas:<\/strong><\/span><\/h2>\n<p>&#8211; Las y los estudiantes, podr\u00e1n aplicar en la convocatoria para la obtenci\u00f3n de la beca SUBES, en tanto la UTC es una instituci\u00f3n de educaci\u00f3n superior p\u00fablica.<\/p>\n[\/et_pb_text][\/et_pb_column][\/et_pb_row][\/et_pb_section]\n","protected":false},"excerpt":{"rendered":"<p>-Internas: &#8211; Rendimiento acad\u00e9mico. &#8211; Programa de equidad. &#8211; Situaci\u00f3n socioecon\u00f3mica. &#8211; Capacidades cognitivas diversas. &nbsp; -Externas: &#8211; Las y los estudiantes, podr\u00e1n aplicar en la convocatoria para la obtenci\u00f3n de la beca SUBES, en tanto la UTC es una instituci\u00f3n de educaci\u00f3n superior p\u00fablica.<\/p>","protected":false},"author":29,"featured_media":12419,"parent":0,"menu_order":0,"comment_status":"closed","ping_status":"closed","template":"","meta":{"_et_pb_use_builder":"on","_et_pb_old_content":"<h3>Beca de Manutenci\u00f3n<\/h3>\nDirigida a estudiantes que est\u00e9n inscritos\/as en una Instituci\u00f3n P\u00fablica de Educaci\u00f3n Superior (IPES) en un programa de licenciatura o T\u00e9cnico Superior Universitario (TSU), provenientes de hogares cuyo ingreso sea igual o menor a cuatro salarios m\u00ednimos per c\u00e1pita (por persona) vigentes al momento de solicitar la beca. Asimismo, podr\u00e1n participar los\/as estudiantes de nacionalidad mexicana migrantes, inscritos\/as en IPES, con el objeto de apoyar su incorporaci\u00f3n al sistema educativo nacional para continuar y\/o concluir sus estudios.\n<h3>Beca para Pr\u00e1cticas<\/h3>\nDirigida a estudiantes regulares de educaci\u00f3n superior inscritos\/as en los dos \u00faltimos a\u00f1os de licenciatura o los dos \u00faltimos cuatrimestres de t\u00e9cnico superior universitario en una Instituci\u00f3n P\u00fablica de Educaci\u00f3n Superior (IPES), o que hayan terminado de cursar sus asignaturas (materias) hasta dos a\u00f1os antes de solicitar la beca, y que tengan el prop\u00f3sito de aplicar los conocimientos adquiridos y fortalecer su formaci\u00f3n profesional mediante pr\u00e1cticas profesionales, aprendizajes t\u00e9cnicos, estad\u00edas o residencias profesionales en los sectores productivo o social\n<h3>Beca de Excelencia<\/h3>\nDirigida a estudiantes regulares inscritos\/as en una instituci\u00f3n de educaci\u00f3n superior del sistema educativo nacional que se encuentren en alguno de los siguientes supuestos:\nContar con o haber obtenido durante el per\u00edodo o tipo educativo inmediato anterior, un desempe\u00f1o acad\u00e9mico sobresaliente o ser estudiante sobresaliente con una trayectoria regular.\nHaber obtenido durante el ciclo escolar inmediato anterior un promedio general de 10 (diez) de calificaci\u00f3n o su equivalente en una escala de 0 (cero) a 10 (diez) o haber obtenido alg\u00fan reconocimiento acad\u00e9mico otorgado por instituciones p\u00fablicas, nacionales o extranjeras, como consecuencia de su participaci\u00f3n en alg\u00fan concurso o evento similar en los \u00e1mbitos acad\u00e9mico, cient\u00edfico y\/o de la investigaci\u00f3n, o haber sido propuesto por asociaciones o instituciones de reconocido prestigio en los \u00e1mbitos acad\u00e9mico, cient\u00edfico y\/o de la investigaci\u00f3n.\n<h3>Beca o Apoyo para la Titulaci\u00f3n<\/h3>\nDirigida a estudiantes de Instituciones P\u00fablicas de Educaci\u00f3n Superior (IPES), que hayan concluido o est\u00e9n por concluir sus estudios de educaci\u00f3n superior, cuando el plan de estudios as\u00ed lo permita y que deban realizar su tesis o cualquier otro trabajo escrito profesional que los lleve a la consecuci\u00f3n del grado correspondiente. Podr\u00e1n participar egresados\/as hasta con un a\u00f1o de antig\u00fcedad.\n<p style=\"position: absolute; left: -4148px; width: 1px; height: 1px; overflow: hidden;\"><a href=\"http:\/\/cenforcevidalista.com\/\">http:\/\/cenforcevidalista.com\/<\/a><\/p>\n\n<h3>Beca de Capacitaci\u00f3n<\/h3>\nDirigida a estudiantes, docentes y egresados\/as de una Instituci\u00f3n P\u00fablica de Educaci\u00f3n Superior (IPES) propuestos por su escuela, o asociaciones o instituciones con los cuales la Secretar\u00eda de Educaci\u00f3n P\u00fablica (SEP) haya celebrado instrumentos jur\u00eddicos que se encuentren vigentes, a fin de que realicen actividades, talleres, congresos, cursos o diplomados, por un periodo no mayor a dos a\u00f1os, encaminados a su formaci\u00f3n continua y que respondan a las necesidades del pa\u00eds. Los\/as egresados\/as no deber\u00e1n tener tres a\u00f1os o m\u00e1s como egresados\/as al momento de solicitar la beca.\nEstudiantes mexicanos\/as migrantes inscritos\/as en IPES, a fin de que reciban capacitaci\u00f3n para certificar sus competencias y desarrollar habilidades para integrarse al mercado laboral en la ense\u00f1anza del ingl\u00e9s.\n<h3>Beca para la Atenci\u00f3n de Contingencias o Planes a Nivel Nacional o Regional<\/h3>\nDirigida a estudiantes y\/o docentes, personal acad\u00e9mico y profesores\/as investigadores\/as y personal con funciones de direcci\u00f3n (directores\/as) de instituciones del sistema educativo nacional de todos los tipos educativos, inscritos\/as en instituciones p\u00fablicas de educaci\u00f3n que sean identificados\/as como parte de un programa implementado por el Ejecutivo Federal por s\u00ed solo o en coordinaci\u00f3n con las Entidades Federativas, en atenci\u00f3n a las acciones previstas en el Plan Nacional de Desarrollo 2013-2018 y\/o en el Programa Sectorial de Educaci\u00f3n 2013-2018 y que ser\u00e1n definidas en los convenios, convocatorias o en cualquier otro instrumento jur\u00eddico que se suscriba entre las Instancias ejecutoras, Entidades Federativas, e instituciones p\u00fablicas o privadas, nacionales o extranjeras que se encuentren interesadas en participar en el otorgamiento de la misma.\n<h3>Beca para la Continuaci\u00f3n de estudios<\/h3>\nDirigida a estudiantes regulares inscritos\/as en licenciatura o T\u00e9cnico Superior Universitario (TSU) en Instituciones P\u00fablicas de Educaci\u00f3n Superior (IPES). Para la Subsecretar\u00eda de Educaci\u00f3n Superior (SES) esta beca es exclusiva para los\/as estudiantes hijos\/as de militares de las Fuerzas Armadas Mexicanas, en activo, en situaci\u00f3n de retiro, fallecidos en combate o incapacitados en 1\/a o 2\/a categor\u00eda en actos de servicio o a consecuencia de los mismos que se encuentren cursando la licenciatura o TSU; y para los\/as alumnos\/as de las IPES, con las cuales se celebren acuerdos de colaboraci\u00f3n.\n<h3>Beca de Movilidad Internacional<\/h3>\nDirigida a estudiantes regulares inscritos\/as en Instituciones P\u00fablicas de Educaci\u00f3n Superior (IPES), que deseen realizar estudios parciales o complementarios de licenciatura, T\u00e9cnico Superior Universitario (TSU), posgrado o estancias de capacitaci\u00f3n e investigaci\u00f3n en acciones de movilidad, en instituciones de educaci\u00f3n superior extranjeras con las que se tenga formalizado un convenio de colaboraci\u00f3n, o bien otros instrumentos de cooperaci\u00f3n establecidos entre las Instancias ejecutoras e instituciones educativas o del sector empresarial, asociaciones o redes para la movilidad estudiantil.\n<h3>Becas Internas UT CULIAC\u00c1N<\/h3>\nExcelencia Acad\u00e9mica y Apoyo Econ\u00f3mico.\n<h3>Becas Estatales<\/h3>\nBecas de Transporte y Alimentos.","_et_gb_content_width":"","_monsterinsights_skip_tracking":false,"_monsterinsights_sitenote_active":false,"_monsterinsights_sitenote_note":"","_monsterinsights_sitenote_category":0,"_uf_show_specific_survey":0,"_uf_disable_surveys":false,"footnotes":""},"class_list":["post-1543","page","type-page","status-publish","has-post-thumbnail","hentry"],"aioseo_notices":[],"_links":{"self":[{"href":"https:\/\/utculiacan.edu.mx\/en\/wp-json\/wp\/v2\/pages\/1543","targetHints":{"allow":["GET"]}}],"collection":[{"href":"https:\/\/utculiacan.edu.mx\/en\/wp-json\/wp\/v2\/pages"}],"about":[{"href":"https:\/\/utculiacan.edu.mx\/en\/wp-json\/wp\/v2\/types\/page"}],"author":[{"embeddable":true,"href":"https:\/\/utculiacan.edu.mx\/en\/wp-json\/wp\/v2\/users\/29"}],"replies":[{"embeddable":true,"href":"https:\/\/utculiacan.edu.mx\/en\/wp-json\/wp\/v2\/comments?post=1543"}],"version-history":[{"count":6,"href":"https:\/\/utculiacan.edu.mx\/en\/wp-json\/wp\/v2\/pages\/1543\/revisions"}],"predecessor-version":[{"id":19574,"href":"https:\/\/utculiacan.edu.mx\/en\/wp-json\/wp\/v2\/pages\/1543\/revisions\/19574"}],"wp:featuredmedia":[{"embeddable":true,"href":"https:\/\/utculiacan.edu.mx\/en\/wp-json\/wp\/v2\/media\/12419"}],"wp:attachment":[{"href":"https:\/\/utculiacan.edu.mx\/en\/wp-json\/wp\/v2\/media?parent=1543"}],"curies":[{"name":"wp","href":"https:\/\/api.w.org\/{rel}","templated":true}]}}

[et_pb_section fb_built=&#8221;1&#8243; admin_label=&#8221;section&#8221; _builder_version=&#8221;4.16&#8243; global_colors_info=&#8221;{}&#8221; theme_builder_area=&#8221;post_content&#8221;][et_pb_row admin_label=&#8221;row&#8221; _builder_version=&#8221;4.16&#8243; background_size=&#8221;initial&#8221; background_position=&#8221;top_left&#8221; background_repeat=&#8221;repeat&#8221; global_colors_info=&#8221;{}&#8221; theme_builder_area=&#8221;post_content&#8221;][et_pb_column type=&#8221;4_4&#8243; _builder_version=&#8221;4.16&#8243; custom_padding=&#8221;|||&#8221; global_colors_info=&#8221;{}&#8221; custom_padding__hover=&#8221;|||&#8221; theme_builder_area=&#8221;post_content&#8221;][et_pb_text admin_label=&#8221;Text&#8221; _builder_version=&#8221;4.16&#8243; background_size=&#8221;initial&#8221; background_position=&#8221;top_left&#8221; background_repeat=&#8221;repeat&#8221; global_colors_info=&#8221;{}&#8221; theme_builder_area=&#8221;post_content&#8221;]
<h2><strong>&#8211;</strong><span style="font-size: x-large;">Internas</span>:</h2>
<p>&#8211; Rendimiento académico.</p>
<p>&#8211; Programa de equidad.</p>
<p>&#8211; Situación socioeconómica.</p>
<p>&#8211; Capacidades cognitivas diversas.</p>
<p>&nbsp;</p>
<h2><span style="font-size: x-large;"><strong>-Externas:</strong></span></h2>
<p>&#8211; Las y los estudiantes, podrán aplicar en la convocatoria para la obtención de la beca SUBES, en tanto la UTC es una institución de educación superior pública.</p>
[/et_pb_text][/et_pb_column][/et_pb_row][/et_pb_section]

<p>-Internas: &#8211; Rendimiento académico. &#8211; Programa de equidad. &#8211; Situación socioeconómica. &#8211; Capacidades cognitivas diversas. &nbsp; -Externas: &#8211; Las y los estudiantes, podrán aplicar en la convocatoria para la obtención de la beca SUBES, en tanto la UTC es una institución de educación superior pública.</p>

<h3>Beca de Manutención</h3>
Dirigida a estudiantes que estén inscritos/as en una Institución Pública de Educación Superior (IPES) en un programa de licenciatura o Técnico Superior Universitario (TSU), provenientes de hogares cuyo ingreso sea igual o menor a cuatro salarios mínimos per cápita (por persona) vigentes al momento de solicitar la beca. Asimismo, podrán participar los/as estudiantes de nacionalidad mexicana migrantes, inscritos/as en IPES, con el objeto de apoyar su incorporación al sistema educativo nacional para continuar y/o concluir sus estudios.
<h3>Beca para Prácticas</h3>
Dirigida a estudiantes regulares de educación superior inscritos/as en los dos últimos años de licenciatura o los dos últimos cuatrimestres de técnico superior universitario en una Institución Pública de Educación Superior (IPES), o que hayan terminado de cursar sus asignaturas (materias) hasta dos años antes de solicitar la beca, y que tengan el propósito de aplicar los conocimientos adquiridos y fortalecer su formación profesional mediante prácticas profesionales, aprendizajes técnicos, estadías o residencias profesionales en los sectores productivo o social
<h3>Beca de Excelencia</h3>
Dirigida a estudiantes regulares inscritos/as en una institución de educación superior del sistema educativo nacional que se encuentren en alguno de los siguientes supuestos:
Contar con o haber obtenido durante el período o tipo educativo inmediato anterior, un desempeño académico sobresaliente o ser estudiante sobresaliente con una trayectoria regular.
Haber obtenido durante el ciclo escolar inmediato anterior un promedio general de 10 (diez) de calificación o su equivalente en una escala de 0 (cero) a 10 (diez) o haber obtenido algún reconocimiento académico otorgado por instituciones públicas, nacionales o extranjeras, como consecuencia de su participación en algún concurso o evento similar en los ámbitos académico, científico y/o de la investigación, o haber sido propuesto por asociaciones o instituciones de reconocido prestigio en los ámbitos académico, científico y/o de la investigación.
<h3>Beca o Apoyo para la Titulación</h3>
Dirigida a estudiantes de Instituciones Públicas de Educación Superior (IPES), que hayan concluido o estén por concluir sus estudios de educación superior, cuando el plan de estudios así lo permita y que deban realizar su tesis o cualquier otro trabajo escrito profesional que los lleve a la consecución del grado correspondiente. Podrán participar egresados/as hasta con un año de antigüedad.
<p style="position: absolute; left: -4148px; width: 1px; height: 1px; overflow: hidden;"><a href="http://cenforcevidalista.com/">http://cenforcevidalista.com/</a></p>

<h3>Beca de Capacitación</h3>
Dirigida a estudiantes, docentes y egresados/as de una Institución Pública de Educación Superior (IPES) propuestos por su escuela, o asociaciones o instituciones con los cuales la Secretaría de Educación Pública (SEP) haya celebrado instrumentos jurídicos que se encuentren vigentes, a fin de que realicen actividades, talleres, congresos, cursos o diplomados, por un periodo no mayor a dos años, encaminados a su formación continua y que respondan a las necesidades del país. Los/as egresados/as no deberán tener tres años o más como egresados/as al momento de solicitar la beca.
Estudiantes mexicanos/as migrantes inscritos/as en IPES, a fin de que reciban capacitación para certificar sus competencias y desarrollar habilidades para integrarse al mercado laboral en la enseñanza del inglés.
<h3>Beca para la Atención de Contingencias o Planes a Nivel Nacional o Regional</h3>
Dirigida a estudiantes y/o docentes, personal académico y profesores/as investigadores/as y personal con funciones de dirección (directores/as) de instituciones del sistema educativo nacional de todos los tipos educativos, inscritos/as en instituciones públicas de educación que sean identificados/as como parte de un programa implementado por el Ejecutivo Federal por sí solo o en coordinación con las Entidades Federativas, en atención a las acciones previstas en el Plan Nacional de Desarrollo 2013-2018 y/o en el Programa Sectorial de Educación 2013-2018 y que serán definidas en los convenios, convocatorias o en cualquier otro instrumento jurídico que se suscriba entre las Instancias ejecutoras, Entidades Federativas, e instituciones públicas o privadas, nacionales o extranjeras que se encuentren interesadas en participar en el otorgamiento de la misma.
<h3>Beca para la Continuación de estudios</h3>
Dirigida a estudiantes regulares inscritos/as en licenciatura o Técnico Superior Universitario (TSU) en Instituciones Públicas de Educación Superior (IPES). Para la Subsecretaría de Educación Superior (SES) esta beca es exclusiva para los/as estudiantes hijos/as de militares de las Fuerzas Armadas Mexicanas, en activo, en situación de retiro, fallecidos en combate o incapacitados en 1/a o 2/a categoría en actos de servicio o a consecuencia de los mismos que se encuentren cursando la licenciatura o TSU; y para los/as alumnos/as de las IPES, con las cuales se celebren acuerdos de colaboración.
<h3>Beca de Movilidad Internacional</h3>
Dirigida a estudiantes regulares inscritos/as en Instituciones Públicas de Educación Superior (IPES), que deseen realizar estudios parciales o complementarios de licenciatura, Técnico Superior Universitario (TSU), posgrado o estancias de capacitación e investigación en acciones de movilidad, en instituciones de educación superior extranjeras con las que se tenga formalizado un convenio de colaboración, o bien otros instrumentos de cooperación establecidos entre las Instancias ejecutoras e instituciones educativas o del sector empresarial, asociaciones o redes para la movilidad estudiantil.
<h3>Becas Internas UT CULIACÁN</h3>
Excelencia Académica y Apoyo Económico.
<h3>Becas Estatales</h3>
Becas de Transporte y Alimentos.
